120 + n**4/6 + 4*n**3/3 - 4. Let s(w) be the third derivative of u(w). What are the prime factors of s(-11)?
3, 5
Suppose 620 = 5*z - 5*s, -4*z + z + s = -378. List the prime factors of z.
127
What are the prime factors of 5/(-5) + -3 + 45/3?
11
Suppose 5*c - 25 = -s, -s + 0*c + 9 = c. Suppose 4*y - 6*b - 35 = -b, 0 = -y + 2*b + s. List the prime factors of y.
3, 5
Let s be 18/8 - (-3)/(-12). Suppose -1 + 3 = 2*j. What are the prime factors of 1 + j + s*2?
2, 3
Let v(u) = -3*u + 2. Let h(r) = r**3 + 2*r**2 + 2*r. Let b be h(-2). What are the prime factors of v(b)?
2, 7
List the prime factors of (-120)/(-9)*48/20.
2
Let s be 37/(((-28)/(-8))/7). Suppose -k + s = k. List the prime factors of k.
37
Let v(u) = -u - 5. Let s be v(-8). Let h be -1 + 3 + 18/s. What are the prime factors of (18/h)/(3/16)?
2, 3
Suppose 2*g + 3*f - 10 - 7 = 0, 4*f - 8 = g. Suppose -g*w - 2 = -10. Suppose -16 = w*p - 4*p. List the prime factors of p.
2
Let n = -28 + 17. Let x be 6/(-9) + n/(-3). Suppose 4*f = 3*l - 37, l + x*f + 69 = 6*l. What are the prime factors of l?
3, 5
Suppose 3*r - 7 = 4*i, -r - 2 = 5*i - 17. List the prime factors of i.
2
Suppose 4*m - 4*d = 32, m + d = 4*m - 14. Suppose m*b = 3*h - 21, -h + 3*b + 1 = -0*h. List the prime factors of h.
2, 5
Let l(h) = -h**3 + 6*h**2 - 5*h + 6. Let c = 3 + 1. List the prime factors of l(c).
2, 3
Let u(b) = b**3 + 9*b**2 + 5*b - 4. What are the prime factors of u(-7)?
59
Let m = -2 - -2. Let h = m - 1. List the prime factors of 48/10 - h/5.
5
Let h(f) = 3*f + 8. Let u(q) = -4*q - 9. Let n(s) = -5*h(s) - 4*u(s). Let o be n(5). List the prime factors of (0 + o)*-1*-9.
3
Let d be (-3 + 7)/((-1)/1). Let g(t) = -11*t**3 + 2*t**2 - 1. Let s be g(-1). Let m = s + d. What are the prime factors of m?
2
Let c(p) = p**2 - 3*p - 9. Let h(i) = i**2 - i + 1. Let d be (-5)/(-3) + 5/15. Let o(a) = d*h(a) - c(a). List the prime factors of o(0).
11
What are the prime factors of 4761/81 + (-4)/(-18)?
59
Let v = 14 - 23. List the prime factors of (-2)/v - 1036/(-36).
29
Let k be (-4)/2 + 2 - -2. List the prime factors of ((-2)/(-3))/(k/33).
11
Suppose 3*c = 5*l - 25, -4*l - c - 3 = -6. Suppose -3*s + 121 = -2*b, -s - l*b - 3*b + 46 = 0. Suppose 3*v - s + 14 = 0. List the prime factors of v.
3
What are the prime factors of (-48)/32 - (-650)/4?
7, 23
Let m = -4 + 6. Suppose 5*d - 5*g - 40 = 0, -m*g = -0*d + 5*d - 19. Suppose d = -4*u + 17. What are the prime factors of u?
3
Suppose 8 - 99 = -x. What are the prime factors of x?
7, 13
Suppose 585 = -g + 14*g. List the prime factors of g.
3, 5
Suppose -b + 5*k = -0 - 42, -4*b + 58 = 2*k. List the prime factors of b.
17
Suppose 2*a - 16 = a. Suppose -a = 2*i - 5*h, -3*i - 4*h + 8*h - 10 = 0. Suppose 0 = 2*v - 2 - i. List the prime factors of v.
2
Suppose 25*k - 30*k = -380. List the prime factors of k.
2, 19
Let b = -373 - -629. What are the prime factors of b?
2
Suppose 0 = -2*g + 6*g - 76. Suppose g = -4*h - 2*w + 3*w, -35 = 5*h - 5*w. What are the prime factors of (-3)/8*2*h?
3
Let t(z) = -z**3 - 7*z**2 - 9*z - 5. Suppose -18 = -4*a - 2*f, 3*a - 8*a = -f - 12. Let l be -1 - (-1)/(a/(-15)). What are the prime factors of t(l)?
13
Suppose -3*h + 1 = -20. Suppose -3*v + 5*v - h = -3*y, -11 = -5*v - y. Let b = 13 + v. What are the prime factors of b?
3, 5
Suppose -3 = 3*t - 4*t. What are the prime factors of 12*1 + (-6)/t?
2, 5
Suppose 0 = 2*h - 1 - 1. What are the prime factors of (-570)/(-25) - h/(-5)?
23
Suppose 3*o - 18 = -3*b + 4*o, -4*o = -3*b + 27. Let h be 1/((-3)/(b*9)). List the prime factors of (25/h)/((-2)/12).
2, 5
Let s(h) be the first derivative of -h**4/4 + 5*h**3/3 + h**2/2 - 7*h + 1. Let z be s(5). What are the prime factors of (24/18)/(z/(-9))?
2, 3
Suppose 0*t = -2*t + 4. Suppose r = 3*r + t. Let s = 9 + r. What are the prime factors of s?
2
Let z(p) = -7*p**2 + p + 8. Let m(i) = 4*i**2 - i - 4. Let g(y) = -5*m(y) - 3*z(y). What are the prime factors of g(3)?
11
Let o = 65 + -42. What are the prime factors of o?
23
Let d(b) = -b**2 - 8*b - 7. Let n be d(-6). Let i(f) = f**3 - 5*f**2 + 7*f - 7. What are the prime factors of i(n)?
2, 7
Suppose 4*f + 4*b = 72, 3*b + 4 = b. What are the prime factors of f?
2, 5
Suppose -10*p = -4*p - 138. List the prime factors of p.
23
Suppose -2 = 2*q - 10. Let s be 1*(-2 - (2 - q)). Suppose 0 = -s*a + 2*a - 18. What are the prime factors of a?
3
Let y = -1 - -2. Suppose -p = -3 - y. List the prime factors of p.
2
What are the prime factors of ((-3)/((-15)/(-4)))/(4/(-370))?
2, 37
Let d(x) = -x**2 - x + 2. Let h be d(2). Let v = 6 - h. What are the prime factors of v?
2, 5
Suppose -3*p + 8 = 5*r - 5, 5*p - 33 = 3*r. What are the prime factors of p?
2, 3
Let p be (12/(-9))/(2/(-69)). Suppose -g + 3*g = p. What are the prime factors of g?
23
Let c = 49 + -17. List the prime factors of c.
2
List the prime factors of 47/(-3)*-3 + -2.
3, 5
Suppose -4*b = -n - 14, n + 0*b - 3*b + 10 = 0. Suppose g - 52 = -4*g - h, n*g + 2*h = 24. What are the prime factors of g?
2, 5
Suppose -5*m = 2*h - 4*h - 85, -3*m - h = -62. List the prime factors of m.
19
Let a(t) = 2*t**2 - 2*t + 4. Let u be a(-3). Let c be (20/6)/((-2)/12). Let s = u + c. List the prime factors of s.
2
Let w be (-2 + 4 + -1)/1. Let u be w - (-3 - (-4 - -1)). Let i(t) = 4*t + 1. List the prime factors of i(u).
5
Let g = -5 - -5. What are the prime factors of (-2 - (g + -1)) + 26?
5
Let i = -4 - -4. Suppose i = -n + 2*n - 24. Suppose 2*a - 12 = 4*s, -a = -5*a - s + n. What are the prime factors of a?
2, 3
Let k(z) = 5 + 4*z - 3*z + 1 + 9. What are the prime factors of k(7)?
2, 11
Let m = -12 - -6. Let o(a) be the third derivative of a**5/60 + a**4/4 + a**3 - a**2. List the prime factors of o(m).
2, 3
Suppose 3*v = v + 80. List the prime factors of v.
2, 5
Suppose 2*n + 4*x = 44, 4*n + x - 108 = -3*x. List the prime factors of n.
2
Suppose m - 4*m - 3*y + 99 = 0, -y = -3*m + 107. List the prime factors of m.
5, 7
Let j = -3 - -3. Suppose j = -3*o + 13 + 17. What are the prime factors of o?
2, 5
Let h be 6/2 - 3/1. Suppose -183 = -5*x - o, h = x - 5*o + 2 - 23. What are the prime factors of x?
2, 3
Suppose -5 = -2*d - 1. Let z = 34 - 29. Suppose d*t = 9 - z. What are the prime factors of t?
2
Let j(z) = -z**2 + 2*z + 7. Let k be j(5). What are the prime factors of (-6)/k + (-872)/(-32)?
2, 7
Suppose -5 + 25 = 4*r. Let h be (r/(-2))/5*-2. Let n = h - -5. What are the prime factors of n?
2, 3
Suppose 10*p - 2688 = -2*p. List the prime factors of p.
2, 7
Suppose 0 = -3*f - 2*y + 23, -f = -2*f - 5*y + 25. Suppose -r + f*r = 44. What are the prime factors of r?
11
Let w(l) = -l + 12. Let n be (0 + 2/(-1))*-4. Let g be w(n). Suppose g*t = 3*t + 13. List the prime factors of t.
13
What are the prime factors of (-2)/(4 - (-996)/(-248))?
2, 31
Let s(a) = 3*a**2 + 20*a. List the prime factors of s(-8).
2
Suppose -8*p + 10 = -3*p. Let y be (-1*2)/(3/(-66)). List the prime factors of y/8*(0 + p).
11
What are the prime factors of (-26)/13*218/(-4)?
109
Suppose 2*n - 3*n - d = 1, 20 = 4*n - 4*d. List the prime factors of n.
2
Suppose -4*k + 5*d = -43, -d - 100 = -5*k - 4*d. What are the prime factors of k?
17
Let g = 10 - 28. List the prime factors of g*(1 + (-20)/12).
2, 3
Let a = -102 + 162. List the prime factors of a.
2, 3, 5
Let h be (4/(-6))/(6/(-81)). Suppose 0 = -4*g + 7*g - h. Suppose 0*o = g*o - 33. List the prime factors of o.
11
Let u be (-16)/12*438/(-4). Let z = u + -102. What are the prime factors of z?
2, 11
Let w(z) = -z + 2. Let n be w(6). What are the prime factors of (-3)/(n/((-16)/(-6)))?
2
Let h = 13 - 5. List the prime factors of h.
2
Let f(z) = 2*z**3 + 3 + 14*z + z**3 - 4*z**3 - 5*z - 8*z**2. List the prime factors of f(-9).
3
Suppose 34 + 82 = 4*f. List the prime factors of f.
29
List the prime factors of (4/6)/(6/324).
2, 3
Suppose 4*y - 4*v + 624 = 0, 3*y + 2*v + 0*v + 468 = 0. List the prime factors of y/(-18) + (-1)/(-3).
3
Suppose -2*g - 2*q = -5*q + 64, 0 = g + 4*q + 21. Let k = -17 - g. List the prime factors of k.
2, 3
Suppose 0 = x - 3 - 2. Suppose 0 = -w, -3*h - x*w + 3*w + 15 = 0. Suppose 0 = -h*u + 3*r + 15, -u = 3*u - 3*r - 12. List the prime factors of u.
3
Let j = 74 - 49. Suppose -2*r = 3*g - 98, -r - 91 = -4*g + j. What are the prime factors of g?
2, 3, 5
Let